
What is the tens digit of 170?
7
What is the hundreds digit of 2145?
1
What is the thousands digit of 65003?
5
What is the hundreds digit of 5477?
4
What is the thousands digit of 6305?
6
What is the hundreds digit of 1054?
0
What is the tens digit of 148992?
9
What is the ten thousands digit of 13512?
1
What is the hundreds digit of 22678?
6
What is the tens digit of 669?
6
What is the tens digit of 2702?
0
What is the tens digit of 2732?
3
What is the units digit of 2346?
6
What is the units digit of 8719?
9
What is the hundreds digit of 15460?
4
What is the thousands digit of 3184?
3
What is the hundreds digit of 778?
7
What is the hundreds digit of 536?
5
What is the hundreds digit of 65737?
7
What is the hundreds digit of 7849?
8
What is the tens digit of 3541?
4
What is the hundreds digit of 105790?
7
What is the units digit of 28874?
4
What is the units digit of 10115?
5
What is the ten thousands digit of 82849?
8
What is the units digit of 8989?
9
What is the hundreds digit of 59191?
1
What is the thousands digit of 7053?
7
What is the units digit of 2904?
4
What is the hundreds digit of 761?
7
What is the units digit of 4771?
1
What is the units digit of 4883?
3
What is the units digit of 338?
8
What is the thousands digit of 98410?
8
What is the hundreds digit of 119504?
5
What is the units digit of 38000?
0
What is the hundreds digit of 3421?
4
What is the thousands digit of 5246?
5
What is the tens digit of 120?
2
What is the tens digit of 1977?
7
What is the thousands digit of 1622?
1
What is the hundreds digit of 6309?
3
What is the thousands digit of 27321?
7
What is the units digit of 9661?
1
What is the hundred thousands digit of 175588?
1
What is the hundreds digit of 497?
4
What is the hundreds digit of 1034?
0
What is the thousands digit of 1846?
1
What is the tens digit of 48?
4
What is the thousands digit of 12208?
2
What is the units digit of 6536?
6
What is the tens digit of 2311?
1
What is the tens digit of 13137?
3
What is the tens digit of 3270?
7
What is the units digit of 234?
4
What is the hundreds digit of 6391?
3
What is the hundreds digit of 4511?
5
What is the tens digit of 57638?
3
What is the tens digit of 1447?
4
What is the units digit of 291?
1
What is the thousands digit of 66020?
6
What is the hundreds digit of 559?
5
What is the hundreds digit of 2615?
6
What is the thousands digit of 4219?
4
What is the units digit of 472?
2
What is the hundreds digit of 53803?
8
What is the hundreds digit of 81679?
6
What is the units digit of 30301?
1
What is the thousands digit of 50556?
0
What is the hundreds digit of 4369?
3
What is the units digit of 487?
7
What is the hundreds digit of 9258?
2
What is the units digit of 42275?
5
What is the hundreds digit of 14686?
6
What is the units digit of 6531?
1
What is the tens digit of 1170?
7
What is the tens digit of 3211?
1
What is the hundreds digit of 4206?
2
What is the thousands digit of 73457?
3
What is the thousands digit of 6950?
6
What is the tens digit of 679?
7
What is the thousands digit of 23083?
3
What is the tens digit of 791?
9
What is the thousands digit of 2208?
2
What is the hundreds digit of 25325?
3
What is the tens digit of 6837?
3
What is the units digit of 2000?
0
What is the ten thousands digit of 15983?
1
What is the hundreds digit of 323?
3
What is the hundreds digit of 317?
3
What is the hundreds digit of 2311?
3
What is the tens digit of 51?
5
What is the tens digit of 2626?
2
What is the thousands digit of 39172?
9
What is the units digit of 1911?
1
What is the thousands digit of 122112?
2
What is the thousands digit of 15326?
5
What is the units digit of 2501?
1
What is the tens digit of 1701?
0
What is the thousands digit of 66499?
6
What is the units digit of 896?
6
What is the ten thousands digit of 25468?
2
What is the tens digit of 45679?
7
What is the units digit of 9306?
6
What is the tens digit of 2805?
0
What is the thousands digit of 2021?
2
What is the hundreds digit of 5863?
8
What is the tens digit of 24513?
1
What is the ten thousands digit of 97887?
9
What is the tens digit of 231?
3
What is the tens digit of 128?
2
What is the ten thousands digit of 36629?
3
What is the hundreds digit of 18862?
8
What is the units digit of 4611?
1
What is the hundreds digit of 32975?
9
What is the hundreds digit of 1055?
0
What is the hundreds digit of 1551?
5
What is the tens digit of 17656?
5
What is the ten thousands digit of 19838?
1
What is the thousands digit of 54949?
4
What is the ten thousands digit of 19446?
1
What is the thousands digit of 20114?
0
What is the tens digit of 944?
4
What is the units digit of 1995?
5
What is the units digit of 73488?
8
What is the hundreds digit of 258?
2
What is the ten thousands digit of 13572?
1
What is the ten thousands digit of 12008?
1
What is the units digit of 3?
3
What is the hundreds digit of 5615?
6
What is the hundreds digit of 3191?
1
What is the hundreds digit of 2750?
7
What is the hundreds digit of 49126?
1
What is the tens digit of 4741?
4
What is the hundreds digit of 153?
1
What is the tens digit of 58660?
6
What is the thousands digit of 4746?
4
What is the units digit of 3829?
9
What is the tens digit of 4023?
2
What is the hundreds digit of 956?
9
What is the hundreds digit of 406?
4
What is the hundreds digit of 12300?
3
What is the ten thousands digit of 10408?
1
What is the units digit of 7296?
6
What is the hundreds digit of 9941?
9
What is the ten thousands digit of 32966?
3
What is the units digit of 832?
2
What is the tens digit of 983?
8
What is the hundreds digit of 29363?
3
What is the hundreds digit of 370?
3
What is the hundreds digit of 3161?
1
What is the tens digit of 9229?
2
What is the hundreds digit of 1880?
8
What is the tens digit of 6675?
7
What is the thousands digit of 52054?
2
What is the tens digit of 35178?
7
What is the units digit of 98134?
4
What is the hundred thousands digit of 176463?
1
What is the tens digit of 11353?
5
What is the ten thousands digit of 16493?
1
What is the units digit of 133316?
6
What is the hundreds digit of 34200?
2
What is the hundreds digit of 969?
9
What is the tens digit of 4476?
7
What is the thousands digit of 5311?
5
What is the thousands digit of 5993?
5
What is the tens digit of 16039?
3
What is the tens digit of 176?
7
What is the tens digit of 8504?
0
What is the tens digit of 1602?
0
What is the units digit of 4171?
1
What is the ten thousands digit of 19975?
1
What is the thousands digit of 1446?
1
What is the units digit of 1804?
4
What is the hundreds digit of 3227?
2
What is the thousands digit of 6300?
6
What is the thousands digit of 4176?
4
What is the units digit of 3155?
5
What is the hundreds digit of 1225?
2
What is the thousands digit of 8101?
8
What is the tens digit of 68245?
4
What is the tens digit of 50?
5
What is the tens digit of 6346?
4
What is the hundreds digit of 100?
1
What is the thousands digit of 5709?
5
What is the thousands digit of 68629?
8
What is the hundreds digit of 3409?
4
What is the tens digit of 414?
1
What is the units digit of 706?
6
What is the units digit of 328?
8
What is the thousands digit of 59447?
9
What is the units digit of 13125?
5
What is the tens digit of 295?
9
What is the units digit of 908?
8
What is the hundreds digit of 2116?
1
What is the tens digit of 10091?
9
What is the thousands digit of 10248?
0
What is the tens digit of 11116?
1
What is the hundreds digit of 101651?
6
What is the hundreds digit of 440?
4
What is the thousands digit of 34485?
4
What is the hundreds digit of 44007?
0
What is the thousands digit of 4027?
4
What is the hundreds digit of 404?
4
What is the hundred thousands digit of 160435?
1
What is the tens digit of 7335?
3
What is the tens digit of 550?
5
What is the units digit of 1173?
3
What is the tens digit of 94?
9
What is the tens digit of 2673?
7
What is the ten thousands digit of 24578?
2
What is the tens digit of 481?
8
What is the thousands digit of 1407?
1
What is the ten thousands digit of 152060?
5
What is the hundreds digit of 25040?
0
What is the tens digit of 1104?
0
What is the units digit of 135634?
4
What is the tens digit of 342?
4
What is the tens digit of 2272?
7
What is the hundreds digit of 2041?
0
Wh